{"id":193,"date":"2023-04-25T09:19:19","date_gmt":"2023-04-25T09:19:19","guid":{"rendered":"https:\/\/gtcmotor.be\/?page_id=193"},"modified":"2026-01-27T14:03:53","modified_gmt":"2026-01-27T14:03:53","slug":"pneus-jantes-et-freins","status":"publish","type":"page","link":"https:\/\/gtcmotor.be\/index.php\/pneus-jantes-et-freins\/","title":{"rendered":"Traitement et analyse des fum\u00e9es d&rsquo;\u00e9chappement"},"content":{"rendered":"<p>[et_pb_section fb_built=\u00a0\u00bb1&Prime; _builder_version=\u00a0\u00bb4.21.0&Prime; _module_preset=\u00a0\u00bbdefault\u00a0\u00bb background_image=\u00a0\u00bbhttps:\/\/gtcmotor.be\/wp-content\/uploads\/2023\/05\/jantes-pneus-scaled.jpg\u00a0\u00bb custom_padding=\u00a0\u00bb0px|||||\u00a0\u00bb global_colors_info=\u00a0\u00bb{}\u00a0\u00bb][et_pb_row make_equal=\u00a0\u00bbon\u00a0\u00bb _builder_version=\u00a0\u00bb4.20.4&Prime; _module_preset=\u00a0\u00bbdefault\u00a0\u00bb width=\u00a0\u00bb100%\u00a0\u00bb max_width=\u00a0\u00bb100%\u00a0\u00bb custom_padding=\u00a0\u00bb0px||0px|||\u00a0\u00bb global_colors_info=\u00a0\u00bb{}\u00a0\u00bb][et_pb_column type=\u00a0\u00bb4_4&Prime; _builder_version=\u00a0\u00bb4.20.4&Prime; _module_preset=\u00a0\u00bbdefault\u00a0\u00bb global_colors_info=\u00a0\u00bb{}\u00a0\u00bb][et_pb_text _builder_version=\u00a0\u00bb4.20.4&Prime; _module_preset=\u00a0\u00bbdefault\u00a0\u00bb text_orientation=\u00a0\u00bbcenter\u00a0\u00bb background_layout=\u00a0\u00bbdark\u00a0\u00bb custom_padding=\u00a0\u00bb100px|5%|30px|5%|false|false\u00a0\u00bb global_colors_info=\u00a0\u00bb{}\u00a0\u00bb]<\/p>\n<h1>Test et diagnostic des \u00e9missions de fum\u00e9es, d\u00e9calaminage hydrogene<\/h1>\n<p>Controle des valeurs CO, particules fines, hydrocarbure, NOX&#8230;.<\/p>\n<p>&nbsp;<\/p>\n<p>[\/et_pb_text][\/et_pb_column][\/et_pb_row][\/et_pb_section][et_pb_section fb_built=\u00a0\u00bb1&Prime; _builder_version=\u00a0\u00bb4.20.4&Prime; _module_preset=\u00a0\u00bbdefault\u00a0\u00bb custom_padding=\u00a0\u00bb0px||0px|||\u00a0\u00bb global_colors_info=\u00a0\u00bb{}\u00a0\u00bb][et_pb_row column_structure=\u00a0\u00bb1_3,2_3&Prime; use_custom_gutter=\u00a0\u00bbon\u00a0\u00bb gutter_width=\u00a0\u00bb2&Prime; make_equal=\u00a0\u00bbon\u00a0\u00bb _builder_version=\u00a0\u00bb4.20.4&Prime; _module_preset=\u00a0\u00bbdefault\u00a0\u00bb global_colors_info=\u00a0\u00bb{}\u00a0\u00bb][et_pb_column type=\u00a0\u00bb1_3&Prime; _builder_version=\u00a0\u00bb4.20.4&Prime; _module_preset=\u00a0\u00bbdefault\u00a0\u00bb global_colors_info=\u00a0\u00bb{}\u00a0\u00bb][et_pb_image src=\u00a0\u00bbhttps:\/\/gtcmotor.be\/wp-content\/uploads\/2026\/01\/l_f4d9d989-0488-4050-bee9-880ecdfa36c4_KANE-EGA5_NP_front_Lambda_02_RGB-25.webp\u00a0\u00bb title_text=\u00a0\u00bbl_f4d9d989-0488-4050-bee9-880ecdfa36c4_KANE-EGA5_NP_front_Lambda_02_RGB-25&Prime; _builder_version=\u00a0\u00bb4.27.4&Prime; _module_preset=\u00a0\u00bbdefault\u00a0\u00bb width=\u00a0\u00bb89.5%\u00a0\u00bb custom_padding=\u00a0\u00bb||0px|||\u00a0\u00bb global_colors_info=\u00a0\u00bb{}\u00a0\u00bb][\/et_pb_image][\/et_pb_column][et_pb_column type=\u00a0\u00bb2_3&Prime; _builder_version=\u00a0\u00bb4.20.4&Prime; _module_preset=\u00a0\u00bbdefault\u00a0\u00bb global_colors_info=\u00a0\u00bb{}\u00a0\u00bb][et_pb_text _builder_version=\u00a0\u00bb4.21.0&Prime; _module_preset=\u00a0\u00bbdefault\u00a0\u00bb custom_padding=\u00a0\u00bb0px|||||\u00a0\u00bb global_colors_info=\u00a0\u00bb{}\u00a0\u00bb][\/et_pb_text][et_pb_text _builder_version=\u00a0\u00bb4.27.4&Prime; _module_preset=\u00a0\u00bbdefault\u00a0\u00bb global_colors_info=\u00a0\u00bb{}\u00a0\u00bb]<\/p>\n<div class=\"otQkpb\" aria-level=\"3\" role=\"heading\" data-animation-nesting=\"\" data-sfc-cp=\"\" jscontroller=\"a7qCn\" jsuid=\"bWZSK_f\" data-complete=\"true\" data-processed=\"true\" data-sae=\"\">\ud83d\udca8<span>\u00a0<\/span><strong class=\"Yjhzub\" jscontroller=\"zYmgkd\" jsuid=\"bWZSK_g\" data-complete=\"true\">Respirez, votre v\u00e9hicule s&rsquo;occupe du reste !<\/strong><\/div>\n<div class=\"Y3BBE\" data-sfc-cp=\"\" jsaction=\"rcuQ6b:&amp;bWZSK_h|npT2md\" jscontroller=\"zcfIf\" jsuid=\"bWZSK_h\" data-hveid=\"CAEIBBAA\" data-processed=\"true\" data-complete=\"true\">Votre voiture manque de puissance ou consomme plus que d&rsquo;habitude ? Un voyant moteur s\u2019est allum\u00e9 ? Ne laissez pas un syst\u00e8me d&rsquo;\u00e9chappement encrass\u00e9 g\u00e2cher vos trajets ou compromettre votre prochain contr\u00f4le technique.<\/div>\n<div class=\"Y3BBE\" data-sfc-cp=\"\" jsaction=\"rcuQ6b:&amp;bWZSK_i|npT2md\" jscontroller=\"zcfIf\" jsuid=\"bWZSK_i\" data-hveid=\"CAEIBRAA\" data-processed=\"true\" data-complete=\"true\">Chez<span> GTC-MOTOR<\/span>, nous transformons la contrainte du contr\u00f4le anti-pollution en un v\u00e9ritable atout pour votre v\u00e9hicule. Gr\u00e2ce \u00e0 nos<span>\u00a0<\/span><span data-sfc-cp=\"\" jscontroller=\"KMhGd\" jsuid=\"bWZSK_k\" data-complete=\"true\" data-processed=\"true\"><a class=\"H23r4e\" target=\"_blank\" rel=\"noopener\" data-hveid=\"CAEIBRAB\" href=\"https:\/\/mru-instruments.com\/fr\/what-does-an-exhaust-gas-analyzer-measure-and-what-are-its-uses\/\" ping=\"\/url?sa=t&amp;source=web&amp;rct=j&amp;url=https:\/\/mru-instruments.com\/fr\/what-does-an-exhaust-gas-analyzer-measure-and-what-are-its-uses\/&amp;ved=2ahUKEwiEw6z976uSAxVt1QIHHZ5lN9MQy_kOegYIAQgFEAE&amp;opi=89978449\" data-processed=\"true\">analyseurs de gaz de derni\u00e8re g\u00e9n\u00e9ration et notre systeme de d\u00e9calaminage hydrogene<\/a><\/span>\u00a0nous mesurons avec pr\u00e9cision les \u00e9missions de CO, CO2, HC et NOx pour garantir la sant\u00e9 de votre moteur.<\/div>\n<div class=\"Fsg96\" data-sfc-cp=\"\" jsaction=\"rcuQ6b:&amp;bWZSK_l|npT2md\" jscontroller=\"KHhJQ\" jsuid=\"bWZSK_l\" data-processed=\"true\" data-complete=\"true\"><\/div>\n<div class=\"AdPoic\" aria-level=\"3\" role=\"heading\" data-animation-nesting=\"\" data-sfc-cp=\"\" jscontroller=\"SF2W9b\" jsuid=\"bWZSK_m\" data-complete=\"true\" data-processed=\"true\" data-sae=\"\"><strong class=\"Yjhzub\" jscontroller=\"zYmgkd\" jsuid=\"bWZSK_n\" data-complete=\"true\">Pourquoi choisir notre diagnostic expert ?<\/strong><\/div>\n<ul class=\"KsbFXc U6u95\" jscontroller=\"mPWODf\" jsuid=\"bWZSK_o\" data-processed=\"true\" data-complete=\"true\">\n<li jscontroller=\"vsuOFb\" jsuid=\"bWZSK_p\" data-hveid=\"CAEIBhAA\" data-complete=\"true\" data-sae=\"\"><span class=\"T286Pc\" data-sfc-cp=\"\" jscontroller=\"fly6D\" jsuid=\"bWZSK_q\" data-complete=\"true\">\u2705<span>\u00a0<\/span><strong class=\"Yjhzub\" jscontroller=\"zYmgkd\" jsuid=\"bWZSK_r\" data-complete=\"true\">\u00c9conomies de carburant<\/strong><span>\u00a0<\/span>: Un m\u00e9lange air-carburant optimal r\u00e9duit directement votre consommation \u00e0 la pompe.<\/span><\/li>\n<li jscontroller=\"vsuOFb\" jsuid=\"bWZSK_s\" data-hveid=\"CAEIBhAB\" data-complete=\"true\" data-sae=\"\"><span class=\"T286Pc\" data-sfc-cp=\"\" jscontroller=\"fly6D\" jsuid=\"bWZSK_t\" data-complete=\"true\">\u2705<span>\u00a0<\/span><strong class=\"Yjhzub\" jscontroller=\"zYmgkd\" jsuid=\"bWZSK_u\" data-complete=\"true\">Performance retrouv\u00e9e<\/strong><span>\u00a0<\/span>: Lib\u00e9rez votre moteur des d\u00e9p\u00f4ts qui obstruent le<span>\u00a0<\/span><span data-sfc-cp=\"\" jscontroller=\"KMhGd\" jsuid=\"bWZSK_v\" data-complete=\"true\"><a class=\"H23r4e\" target=\"_blank\" rel=\"noopener\" data-hveid=\"CAEIBhAC\" href=\"https:\/\/www.briare-pieces-auto.fr\/auto\/ligne-dechappement-voiture-fonctionnement-diagnostic-et-entretien\/\" ping=\"\/url?sa=t&amp;source=web&amp;rct=j&amp;url=https:\/\/www.briare-pieces-auto.fr\/auto\/ligne-dechappement-voiture-fonctionnement-diagnostic-et-entretien\/&amp;ved=2ahUKEwiEw6z976uSAxVt1QIHHZ5lN9MQy_kOegYIAQgGEAI&amp;opi=89978449\">catalyseur ou le filtre \u00e0 particules (FAP)<\/a><\/span>.<\/span><\/li>\n<li jscontroller=\"vsuOFb\" jsuid=\"bWZSK_w\" data-hveid=\"CAEIBhAD\" data-complete=\"true\" data-sae=\"\"><span class=\"T286Pc\" data-sfc-cp=\"\" jscontroller=\"fly6D\" jsuid=\"bWZSK_x\" data-complete=\"true\">\u2705<span>\u00a0<\/span><strong class=\"Yjhzub\" jscontroller=\"zYmgkd\" jsuid=\"bWZSK_y\" data-complete=\"true\">S\u00e9r\u00e9nit\u00e9 au Contr\u00f4le Technique<\/strong><span>\u00a0<\/span>: \u00c9vitez la contre-visite gr\u00e2ce \u00e0 une v\u00e9rification rigoureuse des<span>\u00a0<\/span><span data-sfc-cp=\"\" jscontroller=\"KMhGd\" jsuid=\"bWZSK_z\" data-complete=\"true\"><a class=\"H23r4e\" target=\"_blank\" rel=\"noopener\" data-hveid=\"CAEIBhAE\" href=\"https:\/\/www.service-public.gouv.fr\/particuliers\/vosdroits\/F2878\" ping=\"\/url?sa=t&amp;source=web&amp;rct=j&amp;url=https:\/\/www.service-public.gouv.fr\/particuliers\/vosdroits\/F2878&amp;ved=2ahUKEwiEw6z976uSAxVt1QIHHZ5lN9MQy_kOegYIAQgGEAQ&amp;opi=89978449\">133 points de contr\u00f4le r\u00e9glementaires<\/a><\/span>.<\/span><\/li>\n<li jscontroller=\"vsuOFb\" jsuid=\"bWZSK_10\" data-hveid=\"CAEIBhAF\" data-sae=\"\" data-complete=\"true\"><span class=\"T286Pc\" data-sfc-cp=\"\" jscontroller=\"fly6D\" jsuid=\"bWZSK_11\" data-complete=\"true\">\u2705<span>\u00a0<\/span><strong class=\"Yjhzub\" jscontroller=\"zYmgkd\" jsuid=\"bWZSK_12\" data-complete=\"true\">Geste pour la plan\u00e8te<\/strong><span>\u00a0<\/span>: Roulez plus propre en minimisant l&rsquo;\u00e9mission de particules fines et de gaz toxiques.<\/span><\/li>\n<\/ul>\n<div class=\"Fsg96\" data-sfc-cp=\"\" jsaction=\"rcuQ6b:&amp;bWZSK_13|npT2md\" jscontroller=\"KHhJQ\" jsuid=\"bWZSK_13\" data-complete=\"true\" data-processed=\"true\"><\/div>\n<div class=\"AdPoic\" aria-level=\"3\" role=\"heading\" data-animation-nesting=\"\" data-sfc-cp=\"\" jscontroller=\"SF2W9b\" jsuid=\"bWZSK_14\" data-complete=\"true\" data-processed=\"true\" data-sae=\"\"><strong class=\"Yjhzub\" jscontroller=\"zYmgkd\" jsuid=\"bWZSK_15\" data-complete=\"true\">Nos interventions cibl\u00e9es :<\/strong><\/div>\n<ul class=\"KsbFXc U6u95\" jscontroller=\"mPWODf\" jsuid=\"bWZSK_16\" data-processed=\"true\" data-complete=\"true\">\n<li jscontroller=\"vsuOFb\" jsuid=\"bWZSK_17\" data-hveid=\"CAEIBxAA\" data-complete=\"true\" data-sae=\"\"><span class=\"T286Pc\" data-sfc-cp=\"\" jscontroller=\"fly6D\" jsuid=\"bWZSK_18\" data-complete=\"true\">Analyse multicrit\u00e8res des fum\u00e9es (essence et diesel).<\/span><\/li>\n<li jscontroller=\"vsuOFb\" jsuid=\"bWZSK_19\" data-hveid=\"CAEIBxAB\" data-complete=\"true\" data-sae=\"\"><span class=\"T286Pc\" data-sfc-cp=\"\" jscontroller=\"fly6D\" jsuid=\"bWZSK_1a\" data-complete=\"true\">Contr\u00f4le de la<span>\u00a0<\/span><span data-sfc-cp=\"\" jscontroller=\"KMhGd\" jsuid=\"bWZSK_1b\" data-complete=\"true\"><a class=\"H23r4e\" target=\"_blank\" rel=\"noopener\" data-hveid=\"CAEIBxAC\" href=\"https:\/\/www.vroomly.com\/blog\/controle-technique-refuse-pour-pollution-que-faire\/\" ping=\"\/url?sa=t&amp;source=web&amp;rct=j&amp;url=https:\/\/www.vroomly.com\/blog\/controle-technique-refuse-pour-pollution-que-faire\/&amp;ved=2ahUKEwiEw6z976uSAxVt1QIHHZ5lN9MQy_kOegYIAQgHEAI&amp;opi=89978449\">sonde Lambda et de la vanne EGR<\/a><\/span>.<\/span><\/li>\n<li jscontroller=\"vsuOFb\" jsuid=\"bWZSK_1c\" data-hveid=\"CAEIBxAD\" data-complete=\"true\" data-sae=\"\"><span class=\"T286Pc\" data-sfc-cp=\"\" jscontroller=\"fly6D\" jsuid=\"bWZSK_1d\" data-complete=\"true\">D\u00e9tection de fuites sur la ligne d&rsquo;\u00e9chappement.<\/span><\/li>\n<li jscontroller=\"vsuOFb\" jsuid=\"bWZSK_1e\" data-hveid=\"CAEIBxAE\" data-complete=\"true\" data-sae=\"\"><span class=\"T286Pc\" data-sfc-cp=\"\" jscontroller=\"fly6D\" jsuid=\"bWZSK_1f\" data-complete=\"true\">Nettoyage et d\u00e9calaminage professionnel.<\/span><\/li>\n<\/ul>\n<div class=\"Y3BBE\" data-sfc-cp=\"\" jsaction=\"rcuQ6b:&amp;bWZSK_1g|npT2md\" jscontroller=\"zcfIf\" jsuid=\"bWZSK_1g\" data-hveid=\"CAEICBAA\" data-processed=\"true\" data-complete=\"true\">Ne risquez pas l&rsquo;<span data-sfc-cp=\"\" jscontroller=\"KMhGd\" jsuid=\"bWZSK_1h\" data-complete=\"true\" data-processed=\"true\"><a class=\"H23r4e\" target=\"_blank\" rel=\"noopener\" data-hveid=\"CAEICBAB\" href=\"https:\/\/www.bymycar.fr\/webzine\/peut-on-rouler-avec-un-catalyseur-defectueux\/\" ping=\"\/url?sa=t&amp;source=web&amp;rct=j&amp;url=https:\/\/www.bymycar.fr\/webzine\/peut-on-rouler-avec-un-catalyseur-defectueux\/&amp;ved=2ahUKEwiEw6z976uSAxVt1QIHHZ5lN9MQy_kOegYIAQgIEAE&amp;opi=89978449\" data-processed=\"true\">amende pour non-conformit\u00e9<\/a><\/span><span>\u00a0<\/span>ou une panne co\u00fbteuse. Confiez votre syst\u00e8me de post-traitement des gaz \u00e0 nos techniciens sp\u00e9cialis\u00e9s.<\/div>\n<div class=\"Y3BBE\" data-sfc-cp=\"\" jsaction=\"rcuQ6b:&amp;bWZSK_1i|npT2md\" jscontroller=\"zcfIf\" jsuid=\"bWZSK_1i\" data-hveid=\"CAEICRAA\" data-processed=\"true\" data-complete=\"true\"><\/div>\n<p>[\/et_pb_text][et_pb_button button_url=\u00a0\u00bbtel:003271528545&Prime; button_text=\u00a0\u00bb071 52 85 45&Prime; button_alignment=\u00a0\u00bbcenter\u00a0\u00bb _builder_version=\u00a0\u00bb4.20.4&Prime; _module_preset=\u00a0\u00bbdefault\u00a0\u00bb custom_button=\u00a0\u00bbon\u00a0\u00bb button_text_color=\u00a0\u00bb#FFFFFF\u00a0\u00bb button_bg_color=\u00a0\u00bb#E02B20&Prime; button_border_width=\u00a0\u00bb0px\u00a0\u00bb button_border_radius=\u00a0\u00bb30px\u00a0\u00bb button_icon=\u00a0\u00bb&#xf3cd;||fa||900&Prime; global_colors_info=\u00a0\u00bb{}\u00a0\u00bb][\/et_pb_button][\/et_pb_column][\/et_pb_row][\/et_pb_section]<\/p>\n","protected":false},"excerpt":{"rendered":"<p>Test et diagnostic des \u00e9missions de fum\u00e9es, d\u00e9calaminage hydrogene Controle des valeurs CO, particules fines, hydrocarbure, NOX&#8230;. &nbsp;\ud83d\udca8\u00a0Respirez, votre v\u00e9hicule s&rsquo;occupe du reste ! Votre voiture manque de puissance ou consomme plus que d&rsquo;habitude ? Un voyant moteur s\u2019est allum\u00e9 ? Ne laissez pas un syst\u00e8me d&rsquo;\u00e9chappement encrass\u00e9 g\u00e2cher vos trajets ou compromettre votre prochain [&hellip;]<\/p>\n","protected":false},"author":1,"featured_media":0,"parent":0,"menu_order":0,"comment_status":"closed","ping_status":"closed","template":"","meta":{"_et_pb_use_builder":"on","_et_pb_old_content":"","_et_gb_content_width":"","footnotes":""},"class_list":["post-193","page","type-page","status-publish","hentry"],"_links":{"self":[{"href":"https:\/\/gtcmotor.be\/index.php\/wp-json\/wp\/v2\/pages\/193","targetHints":{"allow":["GET"]}}],"collection":[{"href":"https:\/\/gtcmotor.be\/index.php\/wp-json\/wp\/v2\/pages"}],"about":[{"href":"https:\/\/gtcmotor.be\/index.php\/wp-json\/wp\/v2\/types\/page"}],"author":[{"embeddable":true,"href":"https:\/\/gtcmotor.be\/index.php\/wp-json\/wp\/v2\/users\/1"}],"replies":[{"embeddable":true,"href":"https:\/\/gtcmotor.be\/index.php\/wp-json\/wp\/v2\/comments?post=193"}],"version-history":[{"count":12,"href":"https:\/\/gtcmotor.be\/index.php\/wp-json\/wp\/v2\/pages\/193\/revisions"}],"predecessor-version":[{"id":535,"href":"https:\/\/gtcmotor.be\/index.php\/wp-json\/wp\/v2\/pages\/193\/revisions\/535"}],"wp:attachment":[{"href":"https:\/\/gtcmotor.be\/index.php\/wp-json\/wp\/v2\/media?parent=193"}],"curies":[{"name":"wp","href":"https:\/\/api.w.org\/{rel}","templated":true}]}}